{"id":1186,"date":"2021-02-01T12:49:51","date_gmt":"2021-02-01T03:49:51","guid":{"rendered":"https:\/\/www.spacom.jp\/online\/?page_id=1186"},"modified":"2021-02-04T16:03:36","modified_gmt":"2021-02-04T07:03:36","slug":"online_salon_navidad_proposito","status":"publish","type":"page","link":"https:\/\/www.spacom.jp\/online\/online_salon_navidad_proposito\/","title":{"rendered":"El A\u00f1o Nuevo y Prop\u00f3sito de A\u00f1o Nuevo"},"content":{"rendered":"\n<p><strong>\u30b9\u30da\u30a4\u30f3\u306e\u65b0\u5e74\u306e\u904e\u3054\u3057\u65b9\u3068\u65b0\u5e74\u306e\u62b1\u8ca0<\/strong><\/p>\n\n\n\n<p class=\"has-text-align-left has-small-font-size\"><strong>\u30b9\u30da\u30a4\u30f3\u8a9e\u539f\u6587\uff1a<\/strong>2021\u5e741\u67088\u65e5\u30aa\u30f3\u30e9\u30a4\u30f3\u4ea4\u6d41\u4f1a\u306e\u30aa\u30ea\u30b8\u30ca\u30eb\u6559\u6750\u306e\u4e00\u90e8\u3088\u308a\u629c\u7c8b\u3000<strong>\u7ffb\u8a33\uff1a<\/strong>\u30b9\u30d1\u30b3\u30e0\u30aa\u30f3\u30e9\u30a4\u30f3\u30b5\u30ed\u30f3\u3000<\/p>\n\n\n\n<hr class=\"wp-block-separator\"\/>\n\n\n\n<p class=\"has-small-font-size\">El periodo navide\u00f1o o <strong><span style=\"color:#ed1952\" class=\"has-inline-color\">n<\/span><\/strong><span style=\"color:#ed1952\" class=\"has-inline-color\"><strong>avidades<\/strong> <\/span>son desde el 24 de diciembre hasta el 6 de enero y estos son los d\u00edas m\u00e1s importantes. <\/p>\n\n\n\n<p class=\"has-small-font-size\">El <strong><span style=\"color:#ed1952\" class=\"has-inline-color\">24 de diciembre<\/span><\/strong> se llama <strong><span style=\"color:#ed1952\" class=\"has-inline-color\">Nochebuena<\/span><\/strong> y es la celebraci\u00f3n cristiana de la noche en que nace Jesucristo (Jes\u00fas). Se celebra en familia cenando juntos. Los ni\u00f1os tocan a la puerta de los vecinos y cantan villancicos y piden el aguinaldo (dulces o dinero).<\/p>\n\n\n\n<p class=\"has-small-font-size\"><span style=\"color:#04066f\" class=\"has-inline-color\">\u30b9\u30da\u30a4\u30f3\u306e\u30af\u30ea\u30b9\u30de\u30b9\u30b7\u30fc\u30ba\u30f3\u306f12\u670824\u65e5\u304b\u30891\u67086\u65e5\u307e\u3067\u3067\u3042\u308a\u3001\u30b9\u30da\u30a4\u30f3\u4eba\u306b\u3068\u3063\u3066\u6700\u3082\u91cd\u8981\u306a\u671f\u9593\u3067\u3059\u3002<\/span><\/p>\n\n\n\n<p class=\"has-small-font-size\"><span style=\"color:#04066f\" class=\"has-inline-color\">12\u670824\u65e5\u306f Nochebuena \u3068\u547c\u3070\u308c\u3001\u30a4\u30a8\u30b9\u30fb\u30ad\u30ea\u30b9\u30c8\uff08\u30a4\u30a8\u30b9\uff09\u306e\u8a95\u751f\u306e\u591c\u3092\u795d\u3046\u30ad\u30ea\u30b9\u30c8\u6559\u306e\u796d\u5178\u3067\u3059\u3002\u5bb6\u65cf\u3067\u4e00\u7dd2\u306b\u5915\u98df\u3092\u3068\u308a\u795d\u798f\u3057\u307e\u3059\u3002\u5b50\u4f9b\u305f\u3061\u306f\u8fd1\u6240\u306e\u5bb6\u306e\u30c9\u30a2\u3092\u53e9\u3044\u305f\u308a\u3001 villacincos \u3068\u3044\u3046\u30af\u30ea\u30b9\u30de\u30b9\u30bd\u30f3\u30b0\u3092\u6b4c\u3063\u305f\u308a\u3057\u3066\u3001\u3054\u795d\u5100\uff08\u304a\u83d3\u5b50\u3084\u5c0f\u92ad\uff09\u3092\u306d\u3060\u3063\u3066\u56de\u308a\u307e\u3059\u3002<\/span><\/p>\n\n\n\n<p class=\"has-small-font-size\">El <strong><span style=\"color:#ed1952\" class=\"has-inline-color\">25 de diciembre<\/span><\/strong> es<span style=\"color:#ed1952\" class=\"has-inline-color\"> <strong>Navidad<\/strong><\/span>, significa \u201cnacimiento\u201d en lat\u00edn y se celebra el nacimiento de Jes\u00fas. Se suele comer en familia y se dan regalos que trae Papa Noel. Es d\u00eda festivo.<\/p>\n\n\n\n<p class=\"has-small-font-size\"><span style=\"color:#04066f\" class=\"has-inline-color\">12\u670825\u65e5\u306f\u30af\u30ea\u30b9\u30de\u30b9\u3067\u3059\u3002Navidad \u306f\u30e9\u30c6\u30f3\u8a9e\u3067\u300c\u8a95\u751f\u300d\u3092\u610f\u5473\u3057\u3001\u30a4\u30a8\u30b9\u306e\u8a95\u751f\u3092\u795d\u3046\u3082\u306e\u3067\u3059\u3002\u5bb6\u65cf\u3067\u98df\u4e8b\u3092\u3059\u308b\u306e\u304c\u4e00\u822c\u7684\u3067\u3001\u30b5\u30f3\u30bf\u30af\u30ed\u30fc\u30b9\u304b\u3089\u30d7\u30ec\u30bc\u30f3\u30c8\u304c\u8d08\u3089\u308c\u307e\u3059\u3002\u30af\u30ea\u30b9\u30de\u30b9\u306f\u30b9\u30da\u30a4\u30f3\u306e\u796d\u65e5\u3067\u3059\u3002<\/span><\/p>\n\n\n\n<p class=\"has-small-font-size\">El <strong><span style=\"color:#ed1952\" class=\"has-inline-color\">31 de diciembre<\/span><\/strong> es <strong><span style=\"color:#ed1952\" class=\"has-inline-color\">Nochevieja<\/span><\/strong>, la \u00faltima noche del a\u00f1o. La tradici\u00f3n es cenar en familia. \u00a1Comemos mucho! Por ejemplo: gambas cocidas y otros mariscos, jam\u00f3n, queso, un primer plato, un plato principal y dulces. Y en los \u00faltimos segundos del a\u00f1o tomamos 12 uvas al ritmo de las campanadas del reloj de la Puerta del Sol de Madrid. Despu\u00e9s brindamos con cava y nos felicitamos el a\u00f1o con besos y abrazos. \u00a1Feliz A\u00f1o Nuevo!<\/p>\n\n\n\n<p class=\"has-small-font-size\"><span style=\"color:#04066f\" class=\"has-inline-color\">\u4e00\u5e74\u306e\u6700\u5f8c\u300112\u670831\u65e5\u306e\u591c\u3092 Nochevieja \u3068\u3044\u3044\u307e\u3059\u3002\u5bb6\u65cf\u3067\u5915\u98df\u3092\u3068\u3082\u306b\u3059\u308b\u3053\u3068\u304c\u5927\u6666\u65e5\u306e\u4f1d\u7d71\u3067\u3001\u307f\u3093\u306a\u3067\u305f\u304f\u3055\u3093\u98df\u3079\u307e\u3059\uff01\u4f8b\u3048\u3070\u3001\u8339\u3067\u30a8\u30d3\u3084\u30b7\u30fc\u30d5\u30fc\u30c9\u3001\u30cf\u30e0\u3001\u30c1\u30fc\u30ba\u3001\u524d\u83dc\u3001\u30e1\u30a4\u30f3\u30c7\u30a3\u30c3\u30b7\u30e5\u3001\u30c7\u30b6\u30fc\u30c8\u306a\u3069\u3067\u3059\u3002\u305d\u3057\u3066\u3001\u4e00\u5e74\u306e\u6700\u5f8c\u306e\u77ac\u9593\u306f\u3001\u30de\u30c9\u30ea\u30fc\u30c9\u306b\u3042\u308b\u30bd\u30eb\u5e83\u5834\u306e\u6642\u8a08\u53f0\u306e\u9418\u306e\u97f3\u306b\u5408\u308f\u305b\u306612\u7c92\u306e\u30d6\u30c9\u30a6\u3092\u98df\u3079\u307e\u3059\u3002\u305d\u306e\u5f8c\u3001\u30ab\u30f4\u30a1\u3067\u4e7e\u676f\u3057\u3001\u30ad\u30b9\u3068\u30cf\u30b0\u3067\u65b0\u5e74\u3092\u795d\u3044\u307e\u3059\u3002\u3042\u3051\u307e\u3057\u3066\u304a\u3081\u3067\u3068\u3046\uff01<\/span><\/p>\n\n\n\n<figure class=\"wp-block-image size-full\"><img loading=\"lazy\" width=\"521\" height=\"117\" src=\"https:\/\/www.spacom.jp\/online\/wp-content\/uploads\/2021\/02\/navidad3.png\" alt=\"\" class=\"wp-image-1189\" srcset=\"https:\/\/www.spacom.jp\/online\/wp-content\/uploads\/2021\/02\/navidad3.png 521w, https:\/\/www.spacom.jp\/online\/wp-content\/uploads\/2021\/02\/navidad3-300x67.png 300w\" sizes=\"(max-width: 521px) 100vw, 521px\" \/><\/figure>\n\n\n\n<p class=\"has-small-font-size\">El <strong><span style=\"color:#ed1952\" class=\"has-inline-color\">1 de enero<\/span><\/strong> es <span style=\"color:#ed1952\" class=\"has-inline-color\"><strong>A\u00f1o Nuevo<\/strong> <\/span>y es fiesta en Espa\u00f1a. En A\u00f1o Nuevo es t\u00edpico ir a una chocolater\u00eda y tomar chocolate con churros.<\/p>\n\n\n\n<p class=\"has-small-font-size\"><span style=\"color:#04066f\" class=\"has-inline-color\">1\u67081\u65e5\u306f\u5143\u65e5\u3067\u3001\u30b9\u30da\u30a4\u30f3\u306e\u795d\u65e5\u3067\u3059\u3002\u5143\u65e5\u306f\u30c1\u30e7\u30b3\u30ec\u30fc\u30c8\u5e97\u306b\u884c\u304d\u30c1\u30e7\u30b3\u30e9\u30c6\u30fb\u30b3\u30f3\u30fb\u30c1\u30e5\u30ed\u30b9\u3092\u98df\u3079\u308b\u306e\u304c\u5b9a\u756a\u3067\u3059\u3002<\/span><\/p>\n\n\n\n<figure class=\"wp-block-image size-full\"><img loading=\"lazy\" width=\"636\" height=\"203\" src=\"https:\/\/www.spacom.jp\/online\/wp-content\/uploads\/2021\/02\/navidad2.png\" alt=\"\" class=\"wp-image-1188\" srcset=\"https:\/\/www.spacom.jp\/online\/wp-content\/uploads\/2021\/02\/navidad2.png 636w, https:\/\/www.spacom.jp\/online\/wp-content\/uploads\/2021\/02\/navidad2-300x96.png 300w\" sizes=\"(max-width: 636px) 100vw, 636px\" \/><\/figure>\n\n\n\n<p class=\"has-small-font-size\">Los primeros d\u00edas del a\u00f1o se llaman <a><strong><span style=\"color:#ed1952\" class=\"has-inline-color\">a\u00f1o nuevo<\/span><\/strong><\/a>. Llamamos a familiares y amigos para felicitar el a\u00f1o.<\/p>\n\n\n\n<p class=\"has-small-font-size\"><span style=\"color:#04066f\" class=\"has-inline-color\">\u4e00\u5e74\u306e\u6700\u521d\u306e\u6570\u65e5\u306f a\u00f1o nuevo \u3068\u547c\u3070\u308c\u307e\u3059\u3002\u89aa\u621a\u3084\u53cb\u4eba\u306b\u96fb\u8a71\u3092\u304b\u3051\u3066\u65b0\u5e74\u3092\u795d\u3044\u307e\u3059\u3002<\/span><\/p>\n\n\n\n<p class=\"has-small-font-size\">El<span style=\"color:#ed1952\" class=\"has-inline-color\"> <strong>6 de enero<\/strong><\/span> es festivo, es el <strong><span style=\"color:#ed1952\" class=\"has-inline-color\">D\u00eda de los Reyes Magos<\/span>. <\/strong>Es el d\u00eda m\u00e1s importante para los ni\u00f1os en Espa\u00f1a. Los Reyes Magos llegan el d\u00eda 5 por la noche y les dejan juguetes. Los ni\u00f1os se levantan por la ma\u00f1ana el d\u00eda 6 y encuentran los juguetes en el \u00e1rbol de Navidad. Esta tradici\u00f3n simboliza a los tres sacerdotes que llegaron de Oriente para darle regalos a Jes\u00fas reci\u00e9n nacido. Muchos ni\u00f1os escriben antes una carta a los Reyes Magos. Tambi\u00e9n se compra loter\u00eda para el sorteo del Ni\u00f1o el 6 de enero. El primer premio son 2 millones de euros. <\/p>\n\n\n\n<p class=\"has-small-font-size\"><span style=\"color:#04066f\" class=\"has-inline-color\">1\u67086\u65e5\u306f\u796d\u65e5\u3067\u3001\u6771\u65b9\u4e09\u535a\u58eb\u306e\u65e5\u3068\u3044\u3044\u307e\u3059\u3002\u30b9\u30da\u30a4\u30f3\u3067\u306f\u5b50\u4f9b\u305f\u3061\u306b\u3068\u3063\u3066\u6700\u3082\u91cd\u8981\u306a\u65e5\u3067\u3059\u3002\u6771\u65b9\u4e09\u535a\u58eb\u304c5\u65e5\u306e\u591c\u306b\u5230\u7740\u3057\u3001\u5b50\u4f9b\u305f\u3061\u306b\u304a\u3082\u3061\u3083\u3092\u7f6e\u3044\u3066\u3044\u304f\u304b\u3089\u3067\u3059\u3002\u5b50\u4f9b\u305f\u3061\u306f6\u65e5\u306e\u671d\u8d77\u304d\u308b\u3068\u3001\u30af\u30ea\u30b9\u30de\u30b9\u30c4\u30ea\u30fc\u306e\u4e0b\u306b\u3042\u308b\u304a\u3082\u3061\u3083\u3092\u898b\u3064\u3051\u307e\u3059\u3002\u3053\u306e\u4f1d\u7d71\u306f\u3001\u4e09\u4eba\u306e\u535a\u58eb\u304c\u6771\u65b9\u304b\u3089\u3001\u751f\u307e\u308c\u305f\u3070\u304b\u308a\u306e\u30a4\u30a8\u30b9\u306b\u8d08\u308a\u7269\u3092\u5c4a\u3051\u308b\u305f\u3081\u306b\u5230\u7740\u3057\u305f\u3053\u3068\u3092\u8c61\u5fb4\u3057\u3066\u3044\u307e\u3059\u3002\u591a\u304f\u306e\u5b50\u4f9b\u305f\u3061\u306f\u3042\u3089\u304b\u3058\u3081\u6771\u65b9\u4e09\u535a\u58eb\u306b\u624b\u7d19\u3092\u66f8\u3044\u3066\u304a\u304d\u307e\u3059\u3002\u307e\u305f\u30011\u67086\u65e5\u306e\u30ed\u30c6\u30ea\u30a2\u30fb\u30c7\u30eb\u30fb\u30cb\u30fc\u30cb\u30e7\u306e\u305f\u3081\u306b\u5b9d\u304f\u3058\u3092\u8cb7\u3044\u307e\u3059\u3002\u4e00\u7b49\u306f200\u4e07\u30e6\u30fc\u30ed\u3067\u3059\u3002<\/span><\/p>\n\n\n\n<figure class=\"wp-block-image size-full\"><img loading=\"lazy\" width=\"670\" height=\"130\" src=\"https:\/\/www.spacom.jp\/online\/wp-content\/uploads\/2021\/02\/navidad1.png\" alt=\"\" class=\"wp-image-1187\" srcset=\"https:\/\/www.spacom.jp\/online\/wp-content\/uploads\/2021\/02\/navidad1.png 670w, https:\/\/www.spacom.jp\/online\/wp-content\/uploads\/2021\/02\/navidad1-300x58.png 300w\" sizes=\"(max-width: 670px) 100vw, 670px\" \/><\/figure>\n\n\n\n<p class=\"has-small-font-size\">En todas las casas espa\u00f1olas hay un \u00e1rbol de Navidad con adornos. Tambi\u00e9n se pone un bel\u00e9n con figuras del ni\u00f1o Jes\u00fas, la virgen Mar\u00eda, San Jos\u00e9 (estas tres figuras se llaman la Sagrada Familia). Tambi\u00e9n est\u00e1n los Reyes Magos y hay pastores y ovejas. Estas figuras representan la escena ocurrida en Bel\u00e9n (Palestina) cuando naci\u00f3 Jesucristo seg\u00fan est\u00e1 escrito en la Biblia.<\/p>\n\n\n\n<p class=\"has-small-font-size\"><span style=\"color:#04066f\" class=\"has-inline-color\">\u30b9\u30da\u30a4\u30f3\u306e\u5bb6\u5ead\u306b\u306f\u98fe\u308a\u3064\u3051\u3057\u305f\u30af\u30ea\u30b9\u30de\u30b9\u30c4\u30ea\u30fc\u304c\u7f6e\u3044\u3066\u3042\u308a\u307e\u3059\u3002\u307e\u305f\u3001\u30d9\u30ec\u30f3\u3068\u547c\u3070\u308c\u308b\u4eba\u5f62\u3082\u98fe\u308a\u307e\u3059\u3002\u5e7c\u5b50\u30a4\u30a8\u30b9\u3001\u8056\u6bcd\u30de\u30ea\u30a2\u3001\u8056\u30e8\u30bb\u30d5\uff08\u3053\u308c\u3089<\/span>3<span style=\"color:#04066f\" class=\"has-inline-color\">\u3064\u306e\u4eba\u5f62\u3092\u30b5\u30b0\u30e9\u30c0\u30d5\u30a1\u30df\u30ea\u30a2\u3068\u3044\u3044\u307e\u3059\uff09\u3084\u3001\u6771\u65b9\u4e09\u535a\u58eb\u3001\u7f8a\u98fc\u3044\u3084\u7f8a\u306a\u3069\u3067\u3059\u3002\u3053\u308c\u3089\u306e\u4eba\u5f62\u306f\u3001\u8056\u66f8\u306b\u66f8\u304b\u308c\u3066\u3044\u308b\u30d9\u30c4\u30ec\u30d8\u30e0\uff08\u30d1\u30ec\u30b9\u30c1\u30ca\uff09\u3067\u306e\u30a4\u30a8\u30b9\u30fb\u30ad\u30ea\u30b9\u30c8\u306e\u8a95\u751f\u306e\u30b7\u30fc\u30f3\u3092\u518d\u73fe\u3057\u3066\u3044\u307e\u3059\u3002<\/span><\/p>\n\n\n\n<p class=\"has-small-font-size\">La flor de Pascua o flor de Navidad es originaria de M\u00e9xico, pero desde hace a\u00f1os se cultiva en Espa\u00f1a y es una planta t\u00edpica de la \u00e9poca navide\u00f1a.<\/p>\n\n\n\n<p class=\"has-small-font-size\"><span style=\"color:#04066f\" class=\"has-inline-color\">\u30af\u30ea\u30b9\u30de\u30b9\u306e\u82b1\u3068\u3082\u547c\u3070\u308c\u308b\u30dd\u30a4\u30f3\u30bb\u30c1\u30a2\u306f\u30e1\u30ad\u30b7\u30b3\u304c\u539f\u7523\u5730\u3067\u3059\u304c\u3001\u30b9\u30da\u30a4\u30f3\u3067\u3082\u9577\u304f\u683d\u57f9\u3055\u308c\u3066\u304a\u308a\u3001\u30af\u30ea\u30b9\u30de\u30b9\u30b7\u30fc\u30ba\u30f3\u306e\u4ee3\u8868\u7684\u306a\u690d\u7269\u3067\u3059\u3002<\/span><\/p>\n\n\n\n<figure class=\"wp-block-image size-full\"><img loading=\"lazy\" width=\"627\" height=\"179\" src=\"https:\/\/www.spacom.jp\/online\/wp-content\/uploads\/2021\/02\/navidad4.png\" alt=\"\" class=\"wp-image-1190\" srcset=\"https:\/\/www.spacom.jp\/online\/wp-content\/uploads\/2021\/02\/navidad4.png 627w, https:\/\/www.spacom.jp\/online\/wp-content\/uploads\/2021\/02\/navidad4-300x86.png 300w\" sizes=\"(max-width: 627px) 100vw, 627px\" \/><\/figure>\n\n\n\n<h2><strong>Dulces t\u00edpicos<\/strong>  \u4f1d\u7d71\u83d3\u5b50<\/h2>\n\n\n\n<p class=\"has-small-font-size\"><span style=\"color:#ed1952\" class=\"has-inline-color\"><strong>Turr\u00f3n<\/strong> <\/span> Hay muchos tipos: de Jijona, yema, chocolate con almendras, coco&#8230;<\/p>\n\n\n\n<p class=\"has-small-font-size\"><span style=\"color:#04066f\" class=\"has-inline-color\"><strong>\u30c8\u30a5\u30ed\u30f3<\/strong>\u3000\u8c4a\u5bcc\u306a\u7a2e\u985e\u304c\u3042\u308a\u307e\u3059\uff1a\u30d2\u30db\u30ca\u7523\u3001\u5375\u306e\u9ec4\u8eab\u3092\u4f7f\u3063\u305f\u3082\u306e\u3001\u30a2\u30fc\u30e2\u30f3\u30c9\u30c1\u30e7\u30b3\u30ec\u30fc\u30c8\u3001\u30b3\u30b3\u30ca\u30c3\u30c4\u306a\u3069<\/span><\/p>\n\n\n\n<p class=\"has-small-font-size\"><span style=\"color:#ed1952\" class=\"has-inline-color\"><strong>Mazapanes<\/strong> <\/span> Son muy dulces y est\u00e1n hechos de almendras, az\u00facar y huevo.<\/p>\n\n\n\n<p class=\"has-small-font-size\"><span style=\"color:#04066f\" class=\"has-inline-color\"><strong>\u30de\u30b5\u30d1\u30f3<\/strong>\u3000\u3068\u3066\u3082\u7518\u3044\u3001\u30a2\u30fc\u30e2\u30f3\u30c9\u3001\u7802\u7cd6\u3001\u5375\u3067\u3067\u304d\u305f\u304a\u83d3\u5b50\u3067\u3059\u3002<\/span><\/p>\n\n\n\n<p class=\"has-small-font-size\"><span style=\"color:#ed1952\" class=\"has-inline-color\"><strong>Polvorones<\/strong>  <\/span>Se hacen con harina, manteca de cerdo, az\u00facar y canela.<\/p>\n\n\n\n<p class=\"has-small-font-size\"><span style=\"color:#04066f\" class=\"has-inline-color\"><strong>\u30dd\u30eb\u30dc\u30ed\u30f3 <\/strong> \u5c0f\u9ea6\u7c89\u3001\u30e9\u30fc\u30c9\u3001\u7802\u7cd6\u3001\u30b7\u30ca\u30e2\u30f3\u3067\u4f5c\u3089\u308c\u307e\u3059\u3002<\/span><\/p>\n\n\n\n<p class=\"has-small-font-size\"><strong><span style=\"color:#ed1952\" class=\"has-inline-color\">Peladillas <\/span>  <\/strong>Son almendras tostadas recubiertas de az\u00facar.<\/p>\n\n\n\n<p class=\"has-small-font-size\"><span style=\"color:#04066f\" class=\"has-inline-color\"><strong>\u30da\u30e9\u30c7\u30a3\u30fc\u30b8\u30e3\u30b9<\/strong>\u3000\u714e\u3063\u305f\u30a2\u30fc\u30e2\u30f3\u30c9\u3092\u7802\u7cd6\u3067\u30b3\u30fc\u30c6\u30a3\u30f3\u30b0\u3057\u305f\u3082\u306e\u3067\u3059\u3002<\/span><\/p>\n\n\n\n<p class=\"has-small-font-size\"><strong><span style=\"color:#ed1952\" class=\"has-inline-color\">Rosc\u00f3n de Reyes<\/span><\/strong>  Es un dulce t\u00edpico del d\u00eda 6 de enero, D\u00eda de los Reyes Magos. Hay rosc\u00f3n con nata o sin nata y siempre tiene dentro una sorpresa (una figura).<\/p>\n\n\n\n<p class=\"has-small-font-size\"><span style=\"color:#04066f\" class=\"has-inline-color\"><strong>\u30ed\u30b9\u30b3\u30f3 \u30c7 \u30ec\u30b8\u30a7\u30b9<\/strong>\u30001\u67086\u65e5\u3001\u6771\u65b9\u4e09\u535a\u58eb\u306e\u65e5\u306e\u4ee3\u8868\u7684\u306a\u304a\u83d3\u5b50\u3067\u3059\u3002\u751f\u30af\u30ea\u30fc\u30e0\u3092\u306f\u3055\u3093\u3060\u30ed\u30b9\u30b3\u30f3\u3082\u3042\u308c\u3070\u3001\u306f\u3055\u3093\u3067\u3044\u306a\u3044\u3082\u306e\u3082\u3042\u308a\u307e\u3059\u304c\u3001\u4e2d\u306b\u306f\u5fc5\u305a\u30b5\u30d7\u30e9\u30a4\u30ba\uff08\u5c0f\u3055\u306a\u30d5\u30a3\u30ae\u30e5\u30a2\uff09\u304c\u5165\u3063\u3066\u3044\u307e\u3059\u3002<\/span><\/p>\n\n\n\n<p><\/p>\n\n\n\n<hr class=\"wp-block-separator\"\/>\n","protected":false},"excerpt":{"rendered":"<p>\u30b9\u30da\u30a4\u30f3\u306e\u65b0\u5e74\u306e\u904e\u3054\u3057\u65b9\u3068\u65b0\u5e74\u306e\u62b1\u8ca0 \u30b9\u30da\u30a4\u30f3\u8a9e\u539f\u6587\uff1a2021\u5e741\u67088\u65e5\u30aa\u30f3\u30e9\u30a4\u30f3\u4ea4\u6d41\u4f1a\u306e\u30aa\u30ea\u30b8\u30ca\u30eb\u6559\u6750\u306e\u4e00\u90e8\u3088\u308a\u629c\u7c8b\u3000\u7ffb\u8a33\uff1a\u30b9\u30d1\u30b3\u30e0\u30aa\u30f3\u30e9\u30a4\u30f3\u30b5\u30ed\u30f3\u3000 El periodo navide\u00f1o o navidades s [&hellip;]<\/p>\n","protected":false},"author":1,"featured_media":0,"parent":0,"menu_order":0,"comment_status":"closed","ping_status":"closed","template":"","meta":[],"_links":{"self":[{"href":"https:\/\/www.spacom.jp\/online\/wp-json\/wp\/v2\/pages\/1186"}],"collection":[{"href":"https:\/\/www.spacom.jp\/online\/wp-json\/wp\/v2\/pages"}],"about":[{"href":"https:\/\/www.spacom.jp\/online\/wp-json\/wp\/v2\/types\/page"}],"author":[{"embeddable":true,"href":"https:\/\/www.spacom.jp\/online\/wp-json\/wp\/v2\/users\/1"}],"replies":[{"embeddable":true,"href":"https:\/\/www.spacom.jp\/online\/wp-json\/wp\/v2\/comments?post=1186"}],"version-history":[{"count":79,"href":"https:\/\/www.spacom.jp\/online\/wp-json\/wp\/v2\/pages\/1186\/revisions"}],"predecessor-version":[{"id":1286,"href":"https:\/\/www.spacom.jp\/online\/wp-json\/wp\/v2\/pages\/1186\/revisions\/1286"}],"wp:attachment":[{"href":"https:\/\/www.spacom.jp\/online\/wp-json\/wp\/v2\/media?parent=1186"}],"curies":[{"name":"wp","href":"https:\/\/api.w.org\/{rel}","templated":true}]}}